11) to base 7.
-232010
What is -20214411 (base 7) in base 2?
-110011011010011000101
2c76d2 (base 15) to base 16
20d3fe
What is 2bd4d (base 14) in base 3?
12120101111
What is 1221123111 (base 4) in base 13?
121728
What is 14883752 (base 9) in base 12?
25a7592
Convert 3d640b (base 14) to base 4.
20020003123
11110110101011100 (base 2) to base 6
2412420
-2a40a (base 13) to base 2
-10011011110100010
What is 4a300 (base 14) in base 3?
100020020100
Convert -3522 (base 15) to base 13.
-519b
What is -52252434 (base 8) in base 7?
-163216566
533165 (base 7) to base 6
1551335
-41344325 (base 6) to base 10
-1195901
-221210220 (base 4) to base 11
-106a30
What is d29017 (base 14) in base 2?
11011000011110000001101
Convert -1241366 (base 9) to base 6.
-22301223
Convert -20112210101 (base 3) to base 6.
-2432401
Convert -37a439 (base 14) to base 15.
-27b1c4
92d495 (base 14) to base 16
4b96eb
Convert -12255746 (base 8) to base 10.
-2710502
-45002 (base 15) to base 4
-311203301
What is 104647 (base 11) in base 4?
220303300
What is 2118828 (base 11) in base 13?
a07c96
-3c972 (base 14) to base 12
-729b4
-222662 (base 12) to base 5
-114343110
Convert -b60a03 (base 12) to base 15.
-3b8476
What is 104411 (base 9) in base 11?
42896
-1904281 (base 10) to base 4
-13100322121
-136522 (base 7) to base 9
-40104
What is f37a4e (base 16) in base 9?
33020248
1242221130 (base 5) to base 4
23301113132
-24420020 (base 5) to base 7
-1655605
-159c80 (base 13) to base 15
-a8c38
-22202223 (base 6) to base 11
-417904
287318 (base 16) to base 4
22013030120
100160552 (base 7) to base 2
10110000111000111001000
What is 5040001 (base 6) in base 4?
322032001
What is -9685466 (base 10) in base 4?
-210330213122
What is -203185 (base 9) in base 11?
-82544
44481 (base 16) to base 11
181146
Convert 1220330220 (base 4) to base 5.
102223424
Convert -5475688 (base 11) to base 13.
-1cb7077
Convert -442723 (base 10) to base 12.
-194257
13e4f (base 16) to base 5
10101422
What is -ba681 (base 12) in base 14?
-65ab7
10100001110101011101 (base 2) to base 4
2201311131
What is -399b1 (base 15) in base 9?
-311004
What is 15743412 (base 8) in base 3?
20212201022110
Convert c56b0d (base 16) to base 11.
7337566
What is -1ded8 (base 16) in base 10?
-122584
What is 37081 (base 13) in base 12?
4a667
Convert -5a10a0 (base 12) to base 6.
-51052320
Convert -1d6031 (base 14) to base 6.
-34330231
4327a87 (base 11) to base 5
3421444201
What is -5b4c5 (base 13) in base 2?
-101000111110000001
-1100110010201 (base 3) to base 4
-2233021330
10423511 (base 6) to base 14
8285d
Convert -15135155 (base 6) to base 8.
-2003317
What is -3100300032 (base 4) in base 14?
-183874
What is -103213030123 (base 4) in base 7?
-61462066
What is -c0861 (base 15) in base 8?
-2246157
Convert 987056 (base 10) to base 16.
f0fb0
What is -15327465 (base 10) in base 14?
-206db4d
f69fd (base 16) to base 4
3312213331
Convert c194d (base 16) to base 5.
200333114
45047 (base 9) to base 14
aca0
-1001313230 (base 5) to base 16
-1e3336
-1152154 (base 6) to base 16
-efe6
What is -4111302021 (base 5) in base 8?
-37537517
What is -367260 (base 11) in base 13?
-174385
What is 1144312322 (base 5) in base 15?
38d942
Convert 142791 (base 14) to base 7.
5636241
-104321022 (base 5) to base 14
-c10ab
What is 13241213 (base 5) in base 10?
133933
10124014 (base 5) to base 13
2ba24
What is 30110343 (base 5) in base 6?
5034515
Convert 10304113 (base 6) to base 2.
1001010010000101101
Convert -207042 (base 9) to base 4.
-132011213
Convert -381a2 (base 14) to base 9.
-228600
20103311131 (base 4) to base 13
5b36c0
Convert -d17d3b (base 14) to base 9.
-14237385
Convert -114440122 (base 5) to base 2.
-10000101010111101111
7080378 (base 9) to base 4
32121013121
What is 10779318 (base 10) in base 9?
22248400
What is -33217 (base 11) in base 16?
-bc30
80174 (base 9) to base 13
1ac5c
1340451 (base 9) to base 7
6151306
What is -231074 (base 9) in base 8?
-416521
What is 1a822 (base 16) in base 14?
2b7d8
Convert -6445758 (base 10) to base 3.
-110010110220210
-10010211110 (base 3) to base 4
-33012102
What is -230320434 (base 6) in base 15?
-586d51
What is -13b75c (base 14) in base 8?
-2471246
What is -35c45a (base 15) in base 7?
-30603454
Convert -101111110101100110 (base 2) to base 14.
-5159c
Convert 12122110111 (base 3) to base 4.
123020221
Convert 4014311 (base 5) to base 9.
106344
Convert 1075437 (base 8) to base 13.
a3886
Convert 44987 (base 13) to base 6.
2401052
Convert 5c1b6 (base 15) to base 11.
1909a2
-34856 (base 15) to base 7
-1264425
What is 11752e (base 16) in base 13?
3109b6
-110000000110101 (base 2) to base 3
-1020210012
Convert 22a82 (base 16) to base 7.
1130601
-1100110110000111011 (base 2) to base 3
-210101101202
What is -48d134 (base 15) in base 16?
-3533b9
What is -804a7 (base 12) in base 11?
-104187
What is -101001100010010100 (base 2) in base 4?
-221202110
What is 2102000012121 (base 3) in base 12?
51858a
Convert 3001506 (base 7) to base 10.
353541
What is -1154455135 (base 6) in base 11?
-7610393
Convert -c25141 (base 13) to base 7.
-53311024
What is -3203430 (base 6) in base 11?
-a74a9
Convert 13980b7 (base 12) to base 7.
45300445
What is 81c7b (base 14) in base 16?
4c4d5
11020332434 (base 5) to base 12
3b929b7
What is -1bb042 (base 15) in base 6?
-45001525
Convert -120200003121 (base 4) to base 10.
-6422745
Convert -3706412 (base 10) to base 5.
-1422101122
What is -9731b (base 13) in base 4?
-1002220333
4606a4 (base 14) to base 7
26153564
What is 16174 (base 15) in base 7?
414415
Convert 16d9517 (base 14) to base 16.
ac24b1
Convert -1320555 (base 10) to base 6.
-44145403
What is -366640 (base 9) in base 11?
-141391
5007 (base 12) to base 9
12767
Convert 17626d (base 15) to base 14.
217677
Convert -a75619 (base 12) to base 8.
-12052065
What is 100100100000001010010111 (base 2) in base 11?
54462a8
What is 10021320212 (base 5) in base 16?
97cc16
Convert -392da (base 14) to base 8.
-422360
88336 (base 14) to base 4
1100202330
-12144444021 (base 5) to base 9
-30167721
What is -1770649 (base 11) in base 5?
-1232032214
Convert -8322260 (base 9) to base 2.
-10000111100110101001111
What is -3345113 (base 9) in base 15?
-258b6c
What is -110412 (base 9) in base 4?
-100012121
31551 (base 10) to base 9
47246
Convert 1d733 (base 15) to base 12.
47763
What is 35381 (base 10) in base 11?
24645
-362405 (base 12) to base 13
-24832a
Convert -30b07 (base 14) to base 11.
-80238
-15806 (base 11) to base 4
-11123332
226994 (base 13) to base 6
25242552
Convert -2001111120222 (base 3) to base 14.
-2061bb
What is 16219 (base 15) in base 12?
35359
What is -222112102 (base 4) in base 5?
-21022313
What is 2b27253 (base 13) in base 11?
7883246
What is 5334367 (base 8) in base 7?
15046313
What is 1305323050 (base 6) in base 10?
15376422
What is 8e735 (base 15) in base 14?
bb599
What is 361ca (base 13) in base 10?
99200
Convert -32024011 (base 5) to base 7.
-2162352
What is -110111011010001100100 (base 2) in base 4?
-12323101210
-113223211 (base 4) to base 12
-48171
-2502100 (base 7) to base 8
-1161104
Convert 505727 (base 8) to base 12.
8069b
1141247 (base 8) to base 3
120211221122
1a7816 (base 14) to base 5
220132110
-2396263 (base 10) to base 2
-1001001001000001100111
Convert -21252344 (base 8) to base 12.
-1631570
1000001001101111000100 (base 2) to base 9
4016405
88082 (base 11) to base 2
11111001101111010
Convert 10111022020 (base 3) to base 4.
100302030
Convert -24202334 (base 5) to base 3.
-102110010002
-5e9d64 (base 15) to base 3
-22112121100211
What is 34442604 (base 7) in base 14?
58833b
What is a4aa650 (base 11) in base 6?
1500542111
What is f7f64 (base 16) in base 11?
634090
177563 (base 9) to base 14
2c3db
-1fa211 (base 16) to base 12
-83b869
What is 1033023020 (base 4) in base 10?
324296
Convert 1aa0754 (base 13) to base 2.
100001101010111011101001
212002313231 (base 4) to base 2
100110000010110111101101
2420211 (base 6) to base 5
13031322
-20002011120 (base 3) to base 2
-11101001101111111
What is 4626362 (base 10) in base 12?
1671362
What is -4112140 (base 6) in base 4?
-233321130
Convert -1190a48 (base 12) to base 13.
-92b00a
19098a3 (base 11) to base 13
893075
Convert 44215 (base 8) to base 10.
18573
What is 101010100111000111 (base 2) in base 9?
285367
What is 4252